 150?
-223
In base 7, what is -5 + 5?
0
In base 11, what is -4a - -3?
-47
In base 15, what is -7 - 3e?
-46
In base 9, what is 1 - 350?
-348
In base 13, what is 0 - -27?
27
In base 3, what is 0 + -110?
-110
In base 11, what is 8 - 104?
-a7
In base 14, what is 19 - -1b?
36
In base 14, what is -30 - -1a?
-14
In base 10, what is 6 - 37?
-31
In base 5, what is -333 - -210?
-123
In base 8, what is 1 - -5530?
5531
In base 9, what is 121 + -4?
116
In base 7, what is -1 + -415?
-416
In base 2, what is 1110110010 - 100?
1110101110
In base 5, what is 24 - 130?
-101
In base 14, what is 0 - 11?
-11
In base 6, what is 1 - 511?
-510
In base 15, what is -5 + -38?
-3d
In base 10, what is 5 - 22?
-17
In base 9, what is -48 - 0?
-48
In base 6, what is 0 + 10145?
10145
In base 7, what is -5 - -11160?
11152
In base 9, what is -382 + -3?
-385
In base 16, what is -1c6b + -2?
-1c6d
In base 15, what is -10b - -5?
-106
In base 7, what is 1552 + -3?
1546
In base 13, what is 2 - -613?
615
In base 9, what is -4 - -253?
248
In base 8, what is -4 - 32?
-36
In base 12, what is b + 26?
35
In base 8, what is -3703 - -1?
-3702
In base 3, what is -22 + 12220?
12121
In base 16, what is -1 + 7a8?
7a7
In base 6, what is -4 - 1421?
-1425
In base 6, what is -10 + 23?
13
In base 4, what is 21 + 12001?
12022
In base 5, what is 124322 - 10?
124312
In base 16, what is 0 - -1e7?
1e7
In base 3, what is 1120101 + 10?
1120111
In base 14, what is 4 - 34?
-30
In base 9, what is 548 + -43?
505
In base 13, what is 2 - 122?
-120
In base 16, what is -4f75 + 5?
-4f70
In base 14, what is 4d + -7?
46
In base 3, what is -2 - -1010?
1001
In base 11, what is -3 + 3a8?
3a5
In base 2, what is -10010 - -11110?
1100
In base 15, what is 6 + 94?
9a
In base 11, what is 1554 + -1?
1553
In base 3, what is 200 + 10011?
10211
In base 15, what is 5 + -5?
0
In base 7, what is 10 + -43?
-33
In base 2, what is 10100011 - 11?
10100000
In base 2, what is -1 - 11011011011?
-11011011100
In base 10, what is 9379 + 1?
9380
In base 6, what is -305 + -240?
-545
In base 6, what is 5 - 240?
-231
In base 14, what is -68 + 4?
-64
In base 3, what is 221 - 202?
12
In base 11, what is 5 - 108?
-103
In base 5, what is 332 - -1?
333
In base 7, what is 215 + 3?
221
In base 11, what is -96a - 4?
-973
In base 15, what is -16 - 4?
-1a
In base 9, what is 1730 + 2?
1732
In base 13, what is -91 - 87?
-148
In base 15, what is 18 - 32?
-19
In base 15, what is -2 + 277?
275
In base 6, what is 4 - -2153?
2201
In base 16, what is 4 - 654?
-650
In base 16, what is -12 - e6?
-f8
In base 7, what is -461 - -26?
-432
In base 5, what is 10 + 110?
120
In base 7, what is 1662 + 35?
2030
In base 3, what is 1 + 2021?
2022
In base 7, what is 665 + 5?
1003
In base 12, what is 2 + -27b?
-279
In base 5, what is 133132 + 0?
133132
In base 10, what is 2 - 13?
-11
In base 4, what is -21 - -302?
221
In base 16, what is -a + 5?
-5
In base 10, what is 8 + 1633?
1641
In base 4, what is 1 + 121032?
121033
In base 2, what is 101100 + 10001000?
10110100
In base 9, what is -1 + 21?
20
In base 2, what is -1111000 + 110?
-1110010
In base 9, what is -441 + 5?
-435
In base 6, what is -1204 - 12?
-1220
In base 11, what is -162 - -1a?
-143
In base 10, what is -2 - -788?
786
In base 15, what is 7 + -1?
6
In base 2, what is -1000111111101 - 100?
-1001000000001
In base 16, what is 4 + 228?
22c
In base 4, what is -3 - -123?
120
In base 15, what is 8214 - 5?
820e
In base 8, what is 5 + -247?
-242
In base 3, what is 1 - 1010?
-1002
In base 5, what is -3 + 4242?
4234
In base 12, what is 1b - 177?
-158
In base 14, what is 5 + -43?
-3c
In base 15, what is 5 - 19e?
-199
In base 16, what is 1 + 6b?
6c
In base 10, what is -1 - -16?
15
In base 3, what is -111111 - 10?
-111121
In base 3, what is 20020 - 2?
20011
In base 13, what is -52b + -1?
-52c
In base 11, what is 4 - -71?
75
In base 6, what is -3 - -40?
33
In base 10, what is 1148 + -5?
1143
In base 9, what is 5 + 1015?
1021
In base 2, what is 111001100100 + -11?
111001100001
In base 11, what is 19 - 54a?
-531
In base 9, what is -573 - -2?
-571
In base 11, what is 7 - -a0?
a7
In base 10, what is 0 + 109?
109
In base 9, what is -46 - 104?
-151
In base 14, what is 68 + 2?
6a
In base 7, what is 12 + 11?
23
In base 16, what is 4 + 3?
7
In base 12, what is 1 + -639?
-638
In base 14, what is 26d - 14?
259
In base 2, what is -10000110 + -1?
-10000111
In base 12, what is -2 + -11?
-13
In base 7, what is 1 - -143?
144
In base 8, what is -161 + 4?
-155
In base 2, what is -11000 + -1?
-11001
In base 11, what is -6 - 55?
-60
In base 14, what is -9 + -160?
-169
In base 5, what is -343 - -10?
-333
In base 2, what is -11011110110 - -101?
-11011110001
In base 13, what is -15 + -32?
-47
In base 15, what is da + -2?
d8
In base 2, what is 10010101001 - 1?
10010101000
In base 14, what is -15a - -2?
-158
In base 3, what is 20 - 1?
12
In base 5, what is 10213 + 4?
10222
In base 8, what is 42 - -35?
77
In base 9, what is 256 - 5?
251
In base 10, what is -32 + -12?
-44
In base 5, what is 14 - -142?
211
In base 14, what is 42 + -a7?
-65
In base 12, what is 1743 + 0?
1743
In base 16, what is 264 - -22?
286
In base 14, what is -74 + -9?
-7d
In base 10, what is 52 + -2?
50
In base 9, what is -5 - 86?
-102
In base 13, what is -7 - -3b?
34
In base 4, what is -223 + 1323?
1100
In base 12, what is 720 - 1?
71b
In base 7, what is 346 - 35?
311
In base 4, what is 10 + -1102?
-1032
In base 15, what is 3 - 3d?
-3a
In base 12, what is 17 + -32?
-17
In base 14, what is -2 - 1dd1?
-1dd3
In base 8, what is -14 + 302?
266
In base 7, what is 142 - -6?
151
In base 11, what is 0 + 62?
62
In base 3, what is -2010 - 21?
-2101
In base 15, what is -558 - 0?
-558
In base 3, what is -201 - 222?
-1200
In base 9, what is -16 - 131?
-147
In base 15, what is 3 + d?
11
In base 6, what is 15104 - -5?
15113
In base 4, what is -332102 - 13?
-332121
In base 3, what is -1 + 11?
10
In base 14, what is 4d + 5?
54
In base 2, what is 10 + -10000?
-1110
In base 10, what is 2841 + 7?
2848
In base 4, what is 12130 + -10?
12120
In base 12, what is -3 + a5?
a2
In base 16, what is -5 - 69?
-6e
In base 2, what is -101110 - -10010?
-11100
In base 15, what is 4 - 34b?
-347
In base 4, what is 3 - -212?
221
In base 15, what is -227 + 0?
-227
In base 10, what is 3 - -1255?
1258
In base 7, what is -5 + -156?
-164
In base 7, what is -15 + -43?
-61
In base 10, what is 22542 + -5?
22537
In base 13, what is -19 - -5?
-14
In base 3, what is -12202 + -1?
-12210
In base 6, what is 0 - 111?
-111
In base 13, what is -10c - 3?
-112
In base 15, what is 5 + -2d?
-28
In base 3, what is 0 + 12120?
12120
In base 7, what is 0 - 450?
-450
In base 3, what is 1110 + -111110?
-110000
In base 10, what is 3 - 5?
-2
In base 4, what is 3 - 1133?
-1130
In base 3, what is 112 + 2?
121
In base 8, what is 7 + 26?
35
In base 3, what is -12 - -22100?
22011
In base 12, what is -7539 + 1?
-7538
In base 8, what is 5 - -1117?
1124
In base 8, what is 7 + -65?
-56
In base 4, what is 3 + -100?
-31
In base 5, what is -401 + 0?
-401
In base 9, what is 3682 - -5?
3687
In base 13, what is 3 + 24aa?
24b0
In base 5, what is -13032 + -32?
-13114
In base 10, what is 58 + 5?
63
In base 14, what is 222 - -10?
232
In base 10, what is -187 + 5?
-182
In base 14, what is -65 + -6?
-6b
In base 7, what is -1 - 31641?
-31642
In base 3, what is 1 - -2002?
2010
In base 10, what is 2657 + -5?
2652
In base 2, what is 10000 + 0?
10000
In base 13, what is -3 - -1990?
198a
In base 16, what is -24 - -2?
-22
In base 3, what is -122 - -1202002?
1201110
In base 12, what is 2 + -29?
-27
In base 6, what is 32511 + 2?
32513
In base 6, what is -1333 + 2?
-1331
In base 5, what is 11203 + -10?
11143
In base 9, what is 51 - 0?
51
In base 11, what is 47 + 13?
5a
In base 14, what is -16 - 3?
-19
In base 2, what is -100 + -100010000?
-100010100
In base 16, what is 85b7 + -5?
85b2
In base 4, what is 31 + -31?
0
In base 2, what is -11 + -1111100?
-1111111
In base 11, what is 7 - 3885?
-3879
In base 5, what is -12 - 442?
-1004
In base 2, what is 100011011101111 - -100?
100011011110011
In base 13, what is -30 + -83?
-b3
In base 10, what is -28 - 4?
-32
In base 10, what is 2054 + 5?
2059
In base 14, what is -4 - d8c?
-d92
In base 3, what is -11 - 20111?
-20122
In base 10, what is 5 - -